{"id":8515,"date":"2019-06-06T00:14:24","date_gmt":"2019-06-06T00:14:24","guid":{"rendered":"https:\/\/experiencekrk.com\/essen-und-wein\/food-festivals\/"},"modified":"2024-03-10T20:23:49","modified_gmt":"2024-03-10T20:23:49","slug":"kulinarische-festivals","status":"publish","type":"page","link":"https:\/\/experiencekrk.com\/de\/essen-und-wein\/kulinarische-festivals\/","title":{"rendered":"Kulinarische Festivals"},"content":{"rendered":"<p>[vc_row][vc_column]<div class=\"mkdf-section-title-holder\">\n\t<h1 class=\"mkdf-section-title mkdf-section-title-medium\" >\n\tFeigentage<\/h1>\n<\/div>[\/vc_column][\/vc_row][vc_row][vc_column width=&#8221;1\/2&#8243; css=&#8221;.vc_custom_1559123188863{padding-top: 15px !important;}&#8221;][vc_column_text css=&#8221;.vc_custom_1580232465751{border-top-width: 0px !important;padding-top: 0px !important;}&#8221;]<span style=\"font-weight: 400;\">Die Feige, eine Frucht mit s\u00fc\u00dfem Geschmack und einer weichen und z\u00e4hen Konsistenz, ern\u00e4hrt die Menschen im Mittelmeerraum seit Jahrhunderten. Zu Ehren dieser mediterranen Frucht findet in der Stadt Krk Ende August die gastronomische Veranstaltung &#8220;Feigentage&#8221; statt.<\/span><\/p>\n<p><span style=\"font-weight: 400;\">W\u00e4hrend der Feigentage bietet das Restaurant k\u00f6stliche Gerichte aus Feigen an, und auf dem Platz Vela placa werden mehrere Workshops organisiert und die lokalen Bauern verkaufen ihre Feigenprodukte. In den Nachmittagsstunden beginnt auf dem Vela Placa Platz das Unterhaltungsprogramm.<\/span>[\/vc_column_text][\/vc_column][vc_column width=&#8221;1\/2&#8243; css=&#8221;.vc_custom_1559125093053{border-top-width: 0px !important;padding-top: 25px !important;}&#8221;]<div class=\"mkdf-image-gallery\">\n\t<div class=\"mkdf-image-gallery-slider \" data-autoplay=\"5\" data-animation=\"slide\" data-navigation=\"yes\" data-pagination=\"yes\">\n\t\t\t\t\t\t\t\t\t<img width=\"600\" height=\"400\" src=\"https:\/\/experiencekrk.com\/wp-content\/uploads\/2019\/06\/City-of-Krk-fig-days-2.jpg\" class=\"attachment-full size-full\" alt=\"\" loading=\"lazy\" srcset=\"https:\/\/experiencekrk.com\/wp-content\/uploads\/2019\/06\/City-of-Krk-fig-days-2.jpg 600w, https:\/\/experiencekrk.com\/wp-content\/uploads\/2019\/06\/City-of-Krk-fig-days-2-300x200.jpg 300w\" sizes=\"(max-width: 600px) 100vw, 600px\" \/>\t\t\t\t\t\t\t\t\t\t\t\t\t<img width=\"600\" height=\"400\" src=\"https:\/\/experiencekrk.com\/wp-content\/uploads\/2019\/06\/City-of-Krk-fig-days.jpg\" class=\"attachment-full size-full\" alt=\"\" loading=\"lazy\" srcset=\"https:\/\/experiencekrk.com\/wp-content\/uploads\/2019\/06\/City-of-Krk-fig-days.jpg 600w, https:\/\/experiencekrk.com\/wp-content\/uploads\/2019\/06\/City-of-Krk-fig-days-300x200.jpg 300w\" sizes=\"(max-width: 600px) 100vw, 600px\" \/>\t\t\t\t\t\t\t\t\t\t\t\t\t<img width=\"600\" height=\"400\" src=\"https:\/\/experiencekrk.com\/wp-content\/uploads\/2019\/06\/City-of-Krk-fig-days-and-cake.jpg\" class=\"attachment-full size-full\" alt=\"what to eat in croatia - best croatian food and drink on krk island\" loading=\"lazy\" srcset=\"https:\/\/experiencekrk.com\/wp-content\/uploads\/2019\/06\/City-of-Krk-fig-days-and-cake.jpg 600w, https:\/\/experiencekrk.com\/wp-content\/uploads\/2019\/06\/City-of-Krk-fig-days-and-cake-300x200.jpg 300w\" sizes=\"(max-width: 600px) 100vw, 600px\" \/>\t\t\t\t\t\t\t<\/div>\n<\/div>[\/vc_column][\/vc_row][vc_row][vc_column][vc_empty_space height=&#8221;10px&#8221;][\/vc_column][\/vc_row]<\/p>\n","protected":false},"excerpt":{"rendered":"<p>[vc_row][vc_column][\/vc_column][\/vc_row][vc_row][vc_column width=&#8221;1\/2&#8243; css=&#8221;.vc_custom_1559123188863{padding-top: 15px !important;}&#8221;][vc_column_text css=&#8221;.vc_custom_1580232465751{border-top-width: 0px !important;padding-top: 0px !important;}&#8221;]Die Feige, eine Frucht mit s\u00fc\u00dfem Geschmack und einer weichen und z\u00e4hen Konsistenz, ern\u00e4hrt die Menschen im Mittelmeerraum seit Jahrhunderten. Zu Ehren dieser mediterranen Frucht findet in der Stadt Krk Ende August die gastronomische Veranstaltung &#8220;Feigentage&#8221; statt. W\u00e4hrend der Feigentage bietet das Restaurant k\u00f6stliche Gerichte aus Feigen an, und auf dem Platz Vela placa werden mehrere Workshops organisiert und die lokalen Bauern verkaufen ihre Feigenprodukte. In den Nachmittagsstunden beginnt auf dem Vela Placa Platz das Unterhaltungsprogramm.[\/vc_column_text][\/vc_column][vc_column width=&#8221;1\/2&#8243; css=&#8221;.vc_custom_1559125093053{border-top-width: 0px !important;padding-top: 25px&#8230;<\/p>\n","protected":false},"author":1,"featured_media":0,"parent":8510,"menu_order":0,"comment_status":"closed","ping_status":"closed","template":"","meta":[],"yoast_head":"<!-- This site is optimized with the Yoast SEO plugin v16.0.1 - https:\/\/yoast.com\/wordpress\/plugins\/seo\/ -->\n<title>Kulinarische Festivals - Experience Krk<\/title>\n<link rel=\"canonical\" href=\"https:\/\/experiencekrk.com\/de\/essen-und-wein\/kulinarische-festivals\/\" \/>\n<meta property=\"og:locale\" content=\"de_DE\" \/>\n<meta property=\"og:type\" content=\"article\" \/>\n<meta property=\"og:title\" content=\"Kulinarische Festivals - Experience Krk\" \/>\n<meta property=\"og:description\" content=\"[vc_row][vc_column][\/vc_column][\/vc_row][vc_row][vc_column width=&#8221;1\/2&#8243; css=&#8221;.vc_custom_1559123188863{padding-top: 15px !important;}&#8221;][vc_column_text css=&#8221;.vc_custom_1580232465751{border-top-width: 0px !important;padding-top: 0px !important;}&#8221;]Die Feige, eine Frucht mit s\u00fc\u00dfem Geschmack und einer weichen und z\u00e4hen Konsistenz, ern\u00e4hrt die Menschen im Mittelmeerraum seit Jahrhunderten. Zu Ehren dieser mediterranen Frucht findet in der Stadt Krk Ende August die gastronomische Veranstaltung &#8220;Feigentage&#8221; statt. W\u00e4hrend der Feigentage bietet das Restaurant k\u00f6stliche Gerichte aus Feigen an, und auf dem Platz Vela placa werden mehrere Workshops organisiert und die lokalen Bauern verkaufen ihre Feigenprodukte. In den Nachmittagsstunden beginnt auf dem Vela Placa Platz das Unterhaltungsprogramm.[\/vc_column_text][\/vc_column][vc_column width=&#8221;1\/2&#8243; css=&#8221;.vc_custom_1559125093053{border-top-width: 0px !important;padding-top: 25px...\" \/>\n<meta property=\"og:url\" content=\"https:\/\/experiencekrk.com\/de\/essen-und-wein\/kulinarische-festivals\/\" \/>\n<meta property=\"og:site_name\" content=\"Experience Krk\" \/>\n<meta property=\"article:modified_time\" content=\"2024-03-10T20:23:49+00:00\" \/>\n<meta name=\"twitter:card\" content=\"summary_large_image\" \/>\n<meta name=\"twitter:label1\" content=\"Gesch\u00e4tzte Lesezeit\">\n\t<meta name=\"twitter:data1\" content=\"1\u00a0Minute\">\n<script type=\"application\/ld+json\" class=\"yoast-schema-graph\">{\"@context\":\"https:\/\/schema.org\",\"@graph\":[{\"@type\":\"WebSite\",\"@id\":\"https:\/\/experiencekrk.com\/#website\",\"url\":\"https:\/\/experiencekrk.com\/\",\"name\":\"Experience Krk\",\"description\":\"Cultural Tours, Food &amp; Wine and more\",\"potentialAction\":[{\"@type\":\"SearchAction\",\"target\":\"https:\/\/experiencekrk.com\/?s={search_term_string}\",\"query-input\":\"required name=search_term_string\"}],\"inLanguage\":\"de\"},{\"@type\":\"WebPage\",\"@id\":\"https:\/\/experiencekrk.com\/de\/essen-und-wein\/kulinarische-festivals\/#webpage\",\"url\":\"https:\/\/experiencekrk.com\/de\/essen-und-wein\/kulinarische-festivals\/\",\"name\":\"Kulinarische Festivals - Experience Krk\",\"isPartOf\":{\"@id\":\"https:\/\/experiencekrk.com\/#website\"},\"datePublished\":\"2019-06-06T00:14:24+00:00\",\"dateModified\":\"2024-03-10T20:23:49+00:00\",\"breadcrumb\":{\"@id\":\"https:\/\/experiencekrk.com\/de\/essen-und-wein\/kulinarische-festivals\/#breadcrumb\"},\"inLanguage\":\"de\",\"potentialAction\":[{\"@type\":\"ReadAction\",\"target\":[\"https:\/\/experiencekrk.com\/de\/essen-und-wein\/kulinarische-festivals\/\"]}]},{\"@type\":\"BreadcrumbList\",\"@id\":\"https:\/\/experiencekrk.com\/de\/essen-und-wein\/kulinarische-festivals\/#breadcrumb\",\"itemListElement\":[{\"@type\":\"ListItem\",\"position\":1,\"item\":{\"@type\":\"WebPage\",\"@id\":\"https:\/\/experiencekrk.com\/de\/\",\"url\":\"https:\/\/experiencekrk.com\/de\/\",\"name\":\"Home\"}},{\"@type\":\"ListItem\",\"position\":2,\"item\":{\"@type\":\"WebPage\",\"@id\":\"https:\/\/experiencekrk.com\/de\/essen-und-wein\/\",\"url\":\"https:\/\/experiencekrk.com\/de\/essen-und-wein\/\",\"name\":\"Essen &#038; Wein\"}},{\"@type\":\"ListItem\",\"position\":3,\"item\":{\"@type\":\"WebPage\",\"@id\":\"https:\/\/experiencekrk.com\/de\/essen-und-wein\/kulinarische-festivals\/\",\"url\":\"https:\/\/experiencekrk.com\/de\/essen-und-wein\/kulinarische-festivals\/\",\"name\":\"Kulinarische Festivals\"}}]}]}<\/script>\n<!-- \/ Yoast SEO plugin. -->","_links":{"self":[{"href":"https:\/\/experiencekrk.com\/de\/wp-json\/wp\/v2\/pages\/8515"}],"collection":[{"href":"https:\/\/experiencekrk.com\/de\/wp-json\/wp\/v2\/pages"}],"about":[{"href":"https:\/\/experiencekrk.com\/de\/wp-json\/wp\/v2\/types\/page"}],"author":[{"embeddable":true,"href":"https:\/\/experiencekrk.com\/de\/wp-json\/wp\/v2\/users\/1"}],"replies":[{"embeddable":true,"href":"https:\/\/experiencekrk.com\/de\/wp-json\/wp\/v2\/comments?post=8515"}],"version-history":[{"count":3,"href":"https:\/\/experiencekrk.com\/de\/wp-json\/wp\/v2\/pages\/8515\/revisions"}],"predecessor-version":[{"id":8517,"href":"https:\/\/experiencekrk.com\/de\/wp-json\/wp\/v2\/pages\/8515\/revisions\/8517"}],"up":[{"embeddable":true,"href":"https:\/\/experiencekrk.com\/de\/wp-json\/wp\/v2\/pages\/8510"}],"wp:attachment":[{"href":"https:\/\/experiencekrk.com\/de\/wp-json\/wp\/v2\/media?parent=8515"}],"curies":[{"name":"wp","href":"https:\/\/api.w.org\/{rel}","templated":true}]}}

<p>[vc_row][vc_column]<div class="mkdf-section-title-holder">
	<h1 class="mkdf-section-title mkdf-section-title-medium" >
	Feigentage</h1>
</div>[/vc_column][/vc_row][vc_row][vc_column width=&#8221;1/2&#8243; css=&#8221;.vc_custom_1559123188863{padding-top: 15px !important;}&#8221;][vc_column_text css=&#8221;.vc_custom_1580232465751{border-top-width: 0px !important;padding-top: 0px !important;}&#8221;]<span style="font-weight: 400;">Die Feige, eine Frucht mit süßem Geschmack und einer weichen und zähen Konsistenz, ernährt die Menschen im Mittelmeerraum seit Jahrhunderten. Zu Ehren dieser mediterranen Frucht findet in der Stadt Krk Ende August die gastronomische Veranstaltung &#8220;Feigentage&#8221; statt.</span></p>
<p><span style="font-weight: 400;">Während der Feigentage bietet das Restaurant köstliche Gerichte aus Feigen an, und auf dem Platz Vela placa werden mehrere Workshops organisiert und die lokalen Bauern verkaufen ihre Feigenprodukte. In den Nachmittagsstunden beginnt auf dem Vela Placa Platz das Unterhaltungsprogramm.</span>[/vc_column_text][/vc_column][vc_column width=&#8221;1/2&#8243; css=&#8221;.vc_custom_1559125093053{border-top-width: 0px !important;padding-top: 25px !important;}&#8221;]<div class="mkdf-image-gallery">
	<div class="mkdf-image-gallery-slider " data-autoplay="5" data-animation="slide" data-navigation="yes" data-pagination="yes">
									<img width="600" height="400" src="https://experiencekrk.com/wp-content/uploads/2019/06/City-of-Krk-fig-days-2.jpg" class="attachment-full size-full" alt="" loading="lazy" srcset="https://experiencekrk.com/wp-content/uploads/2019/06/City-of-Krk-fig-days-2.jpg 600w, https://experiencekrk.com/wp-content/uploads/2019/06/City-of-Krk-fig-days-2-300x200.jpg 300w" sizes="(max-width: 600px) 100vw, 600px" />													<img width="600" height="400" src="https://experiencekrk.com/wp-content/uploads/2019/06/City-of-Krk-fig-days.jpg" class="attachment-full size-full" alt="" loading="lazy" srcset="https://experiencekrk.com/wp-content/uploads/2019/06/City-of-Krk-fig-days.jpg 600w, https://experiencekrk.com/wp-content/uploads/2019/06/City-of-Krk-fig-days-300x200.jpg 300w" sizes="(max-width: 600px) 100vw, 600px" />													<img width="600" height="400" src="https://experiencekrk.com/wp-content/uploads/2019/06/City-of-Krk-fig-days-and-cake.jpg" class="attachment-full size-full" alt="what to eat in croatia - best croatian food and drink on krk island" loading="lazy" srcset="https://experiencekrk.com/wp-content/uploads/2019/06/City-of-Krk-fig-days-and-cake.jpg 600w, https://experiencekrk.com/wp-content/uploads/2019/06/City-of-Krk-fig-days-and-cake-300x200.jpg 300w" sizes="(max-width: 600px) 100vw, 600px" />							</div>
</div>[/vc_column][/vc_row][vc_row][vc_column][vc_empty_space height=&#8221;10px&#8221;][/vc_column][/vc_row]</p>

<p>[vc_row][vc_column][/vc_column][/vc_row][vc_row][vc_column width=&#8221;1/2&#8243; css=&#8221;.vc_custom_1559123188863{padding-top: 15px !important;}&#8221;][vc_column_text css=&#8221;.vc_custom_1580232465751{border-top-width: 0px !important;padding-top: 0px !important;}&#8221;]Die Feige, eine Frucht mit süßem Geschmack und einer weichen und zähen Konsistenz, ernährt die Menschen im Mittelmeerraum seit Jahrhunderten. Zu Ehren dieser mediterranen Frucht findet in der Stadt Krk Ende August die gastronomische Veranstaltung &#8220;Feigentage&#8221; statt. Während der Feigentage bietet das Restaurant köstliche Gerichte aus Feigen an, und auf dem Platz Vela placa werden mehrere Workshops organisiert und die lokalen Bauern verkaufen ihre Feigenprodukte. In den Nachmittagsstunden beginnt auf dem Vela Placa Platz das Unterhaltungsprogramm.[/vc_column_text][/vc_column][vc_column width=&#8221;1/2&#8243; css=&#8221;.vc_custom_1559125093053{border-top-width: 0px !important;padding-top: 25px&#8230;</p>

<!-- This site is optimized with the Yoast SEO plugin v16.0.1 - https://yoast.com/wordpress/plugins/seo/ -->
<title>Kulinarische Festivals - Experience Krk</title>
<link rel="canonical" href="https://experiencekrk.com/de/essen-und-wein/kulinarische-festivals/" />
<meta property="og:locale" content="de_DE" />
<meta property="og:type" content="article" />
<meta property="og:title" content="Kulinarische Festivals - Experience Krk" />
<meta property="og:description" content="[vc_row][vc_column][/vc_column][/vc_row][vc_row][vc_column width=&#8221;1/2&#8243; css=&#8221;.vc_custom_1559123188863{padding-top: 15px !important;}&#8221;][vc_column_text css=&#8221;.vc_custom_1580232465751{border-top-width: 0px !important;padding-top: 0px !important;}&#8221;]Die Feige, eine Frucht mit süßem Geschmack und einer weichen und zähen Konsistenz, ernährt die Menschen im Mittelmeerraum seit Jahrhunderten. Zu Ehren dieser mediterranen Frucht findet in der Stadt Krk Ende August die gastronomische Veranstaltung &#8220;Feigentage&#8221; statt. Während der Feigentage bietet das Restaurant köstliche Gerichte aus Feigen an, und auf dem Platz Vela placa werden mehrere Workshops organisiert und die lokalen Bauern verkaufen ihre Feigenprodukte. In den Nachmittagsstunden beginnt auf dem Vela Placa Platz das Unterhaltungsprogramm.[/vc_column_text][/vc_column][vc_column width=&#8221;1/2&#8243; css=&#8221;.vc_custom_1559125093053{border-top-width: 0px !important;padding-top: 25px..." />
<meta property="og:url" content="https://experiencekrk.com/de/essen-und-wein/kulinarische-festivals/" />
<meta property="og:site_name" content="Experience Krk" />
<meta property="article:modified_time" content="2024-03-10T20:23:49+00:00" />
<meta name="twitter:card" content="summary_large_image" />
<meta name="twitter:label1" content="Geschätzte Lesezeit">
	<meta name="twitter:data1" content="1 Minute">
<script type="application/ld+json" class="yoast-schema-graph">{"@context":"https://schema.org","@graph":[{"@type":"WebSite","@id":"https://experiencekrk.com/#website","url":"https://experiencekrk.com/","name":"Experience Krk","description":"Cultural Tours, Food &amp; Wine and more","potentialAction":[{"@type":"SearchAction","target":"https://experiencekrk.com/?s={search_term_string}","query-input":"required name=search_term_string"}],"inLanguage":"de"},{"@type":"WebPage","@id":"https://experiencekrk.com/de/essen-und-wein/kulinarische-festivals/#webpage","url":"https://experiencekrk.com/de/essen-und-wein/kulinarische-festivals/","name":"Kulinarische Festivals - Experience Krk","isPartOf":{"@id":"https://experiencekrk.com/#website"},"datePublished":"2019-06-06T00:14:24+00:00","dateModified":"2024-03-10T20:23:49+00:00","breadcrumb":{"@id":"https://experiencekrk.com/de/essen-und-wein/kulinarische-festivals/#breadcrumb"},"inLanguage":"de","potentialAction":[{"@type":"ReadAction","target":["https://experiencekrk.com/de/essen-und-wein/kulinarische-festivals/"]}]},{"@type":"BreadcrumbList","@id":"https://experiencekrk.com/de/essen-und-wein/kulinarische-festivals/#breadcrumb","itemListElement":[{"@type":"ListItem","position":1,"item":{"@type":"WebPage","@id":"https://experiencekrk.com/de/","url":"https://experiencekrk.com/de/","name":"Home"}},{"@type":"ListItem","position":2,"item":{"@type":"WebPage","@id":"https://experiencekrk.com/de/essen-und-wein/","url":"https://experiencekrk.com/de/essen-und-wein/","name":"Essen &#038; Wein"}},{"@type":"ListItem","position":3,"item":{"@type":"WebPage","@id":"https://experiencekrk.com/de/essen-und-wein/kulinarische-festivals/","url":"https://experiencekrk.com/de/essen-und-wein/kulinarische-festivals/","name":"Kulinarische Festivals"}}]}]}</script>
<!-- / Yoast SEO plugin. -->
